*(-5389)/8 + 135/180. Let u(j) = -22904 + b - 13*j - 2*j. Calculate u(-2).
30
Let q(w) be the second derivative of -w**7/2520 + 7*w**6/720 - w**5/24 - 2*w**4 + 11*w - 5. Let m(i) be the third derivative of q(i). Determine m(5).
5
Let m(y) = y**2 + 6*y + 2. Let r(w) = 11*w. Let k be r(2). Suppose a = k + 18. Suppose -10 + a = -5*c. Calculate m(c).
2
Let g(o) be the second derivative of 21/2*o**2 + 9*o - 1/60*o**5 - 3/2*o**3 + 0 - 3/8*o**4. Let q(t) be the first derivative of g(t). Give q(-7).
5
Let m(v) = 2*v - 5. Let x be (-1008)/(-112) - (1 - -2). Let f be 7 + -7 + x + 3 + -11. What is m(f)?
-9
Let o(t) = t**3 - 3*t**2 + 4. Let z(u) = 2*u - 47. Let j be z(16). Let k be ((-98)/35 - 12/j) + 0. Give o(k).
-16
Let p(d) = -d**2 - 3*d - 1. Let x = 56 + -40. Let w(g) = -g**2 + 16*g + 5. Let v be w(x). Let a(y) = -y. Let t be a(v). Give p(t).
-11
Let j(p) = 38*p**2 - 1 - 42*p**2 + 21*p**3 - 4*p - 20*p**3. Let o(r) = 4*r**3 - 19*r**2 - 16*r - 4. Let m(q) = -9*j(q) + 2*o(q). What is m(-3)?
-2
Suppose 0 = 2*q + 2*q - 24. Suppose 0 = -q*u + 2*u + 8. Let r(k) = -2 - 3*k + 5*k + 0*k**3 + k**2 - 5*k**3 + k**3 + 3*k**3. What is r(u)?
-2
Let z(i) = 16*i**3 - 65*i**2 + 6*i - 7. Suppose -7198*w + 7196*w = -8. What is z(w)?
1
Let k(h) = h. Suppose 5*m - 2*n + 8 = 3*m, 2*m - n = -3. Let u be (m/(-2))/(2 - 76/40). What is k(u)?
-5
Let l(q) = -5*q**3 + 2*q - 2. Let g(j) = -j. Let d be g(-4). Suppose 0 = -86*x + 90*x - d. Give l(x).
-5
Let r(q) = -q**2 + q + 20. Let p be r(-4). Let i(b) = -b**3 + 3*b - 9. Give i(p).
-9
Let w(l) = l**3 - 3*l**2 + l. Let v = 8 - 5. Suppose -v*d = -r + 185, -2*d = 5*r + 114 - 19. Let c = -57 - d. Give w(c).
3
Let x(o) = -41*o**2. Let f(k) = -493*k**2 - 29*k - 5. Let j(n) = -f(n) + 12*x(n). What is j(-32)?
101
Let f = -1695 + 1694. Let s(w) = -85*w**2 - 6*w - 7. Calculate s(f).
-86
Suppose -4*u + 40 = u. Let r(x) = -3*x + 1. Let i(n) be the first derivative of 5*n**2 - 11*n - 49. Let z(m) = -i(m) - 3*r(m). Determine z(u).
0
Let f(r) = -288 + 281 - 19*r + r**3 + 0*r**3. Let h be f(-4). Let j(l) = -2 - 4*l**2 - l**3 + 2*l**3 - 5*l - 2. Give j(h).
-4
Let c(o) be the first derivative of 5*o**3/3 + 17*o**2/2 + 5*o + 332. What is c(-3)?
-1
Let c = 550 + -533. Let r(k) = c - 57 + 2*k + 23 + 29. Calculate r(-5).
2
Let d(j) = 22*j**2 - 14*j + 5. Let q(h) = -19*h**2 + 14*h - 4. Let w(k) = 6*d(k) + 7*q(k). What is w(14)?
2
Let w(c) = c + 5*c + 23 - 105 - 10*c. What is w(-24)?
14
Let u(l) = 1668816*l - 1668821*l + 2*l**2 - 9 + 3. Calculate u(-4).
46
Let r = -34 + 23. Let f(v) = 27*v**2 + 12*v + 27*v**2 - 88*v**2 + 35*v**2 + 7. What is f(r)?
-4
Let f(o) = -o**3 + 11*o**2 + 10*o + 16. Let d = 4400 + -4388. Give f(d).
-8
Let o(j) = -1 + 1 + 1 - 3*j - 8*j + 6*j**2. Let f(w) = w**2 + w - 1. Let v(u) = 5*f(u) - o(u). Let s be v(16). Let c(x) = -x + 6. Calculate c(s).
12
Let x(d) = -31 - 7*d + 5*d**2 + 13 - 9*d**2 + 16. Let t be (8/(-12))/(-1 - (-8)/6). Calculate x(t).
-4
Let l(r) = 429 + 430 + 3*r - 857. Let j be (-10)/(-30)*(10 + -1). Give l(j).
11
Let s(g) = -27*g**3 - 61*g**2 - 113*g - 38. Let o(r) = 17*r**3 + 38*r**2 + 71*r + 24. Let y(n) = 19*o(n) + 12*s(n). Calculate y(-6).
-102
Suppose -m = -37*n + 39*n - 2, -3*n + 17 = 5*m. Let j(u) = -9*u + 1. Determine j(n).
10
Suppose 5*f + 47 = h, h = -4*h + 4*f + 172. Let c(w) = w**2 - 13*w + h - 25 + 5*w. Let z = -95 - -102. Determine c(z).
0
Let p = -607 + 608. Let x(l) = 1374*l - 2*l**2 - 2743*l + 1366*l - p. Determine x(-2).
-3
Let m(s) = -6*s**2 - 285*s - 100. Let i be m(-47). Let z(d) = 5*d - 214. What is z(i)?
-9
Let q(i) = 70*i**3 + 3*i**2 + 3*i - 15. Let l(u) = -105*u**3 - 5*u**2 - 5*u + 24. Let j(g) = -5*l(g) - 8*q(g). Let m = 200 - 201. Give j(m).
35
Let q(m) = 105*m**2 - 141*m**2 + 42*m**2 - 1 - 15*m. Determine q(2).
-7
Let k(r) = r. Suppose y = l + 5, 4*l = 4*y + 3*l - 11. Suppose -y*x - 16*x = 36. What is k(x)?
-2
Let z = -5 - -14. Let x(t) = -5*t**2 + t + 6. Let s be 2/(-4)*((15 - 8) + -15). Let f(q) = 11*q**2 - 2*q - 13. Let o(u) = s*f(u) + z*x(u). Calculate o(-2).
-4
Let i(x) = -33*x - 11. Let n(s) = 17*s + 6. Let y(u) = -6*i(u) - 11*n(u). Let v(w) = 4*w. Let f(j) = -8*v(j) + 3*y(j). Let r = -107891 + 107900. Give f(r).
9
Let p(w) = -10*w**3 + 13*w**3 - 2*w + 2*w**2 - 10*w**3 + 6*w**2 - 8. Let g(c) = 9*c**3 - 9*c**2 + 3*c + 7. Let j(x) = 3*g(x) + 4*p(x). Give j(5).
-6
Let h(r) = -52*r - 19 + 37*r - 10 + 12. Give h(-2).
13
Let b(p) = -2*p**2 - 15*p - 8. Let z be b(-9). Let m = z + 39. Let v(r) be the third derivative of -r**4/6 - 5*r**3/6 - 20*r**2. Determine v(m).
-21
Let j(m) = 8*m**2 - 2*m + 2. Let p = -797 - -851. Let z be (-4 - -1)*-3*6/p. Determine j(z).
8
Let d be (-96)/(-128)*(4 - 0). Let x(l) = l**3 - 4*l**2 + 2*l + 2. Give x(d).
-1
Let a be (-3 - -4) + -10 + -348. Let g = a - -356. Let n(t) be the first derivative of 4*t**4 + t**3/3 - t**2/2 - t - 1. Calculate n(g).
-15
Let i(g) = -13*g**3 - 29*g**2 - 21*g. Let z(p) = 11*p**3 + 25*p**2 + 19*p + 1. Let k(l) = -6*i(l) - 7*z(l). Give k(-4).
-59
Let d(v) be the third derivative of -v**9/10080 - v**8/20160 + v**6/720 + v**5/15 + v**4/8 - 14*v**2. Let q(w) be the third derivative of d(w). Give q(-1).
6
Let o(t) be the first derivative of 3*t**2 - 2. Suppose -2*a + 10 = -1061*j + 1063*j, -3*a - 25 = -7*j. What is o(a)?
6
Let v(b) = -4*b - 48. Let c(i) = -i**3 - 78*i**2 - 26*i - 2039. Let u be c(-78). Calculate v(u).
-4
Let c(n) = n**2 + 12*n + 7. Suppose 2 = -7*w + 9*w + 2*b, 0 = -5*w - 4*b - 2. What is c(w)?
-29
Let c(m) = 4*m + 3. Let f(s) = -s**2 - 593 + 611 + 2*s + 2*s. Let o be f(7). Calculate c(o).
-9
Let d(z) = -1412*z + 708*z + 708*z + 73. What is d(-18)?
1
Let r = -103 + 126. Let l(b) = b**3 - 22*b**2 - 25*b + 44. Give l(r).
-2
Suppose 4*b = 2*c - 66, -3*b + 4*c = 56 + 1. Let s(m) = -m**3 - 14*m**2 - 5*m - 312. What is s(b)?
-12
Suppose -2*o - x + 3*x = -10, 3*o + 2*x + 10 = 0. Let a(q) be the third derivative of 0 + 1/24*q**4 + 7/6*q**3 + 0*q - 45*q**2 - 1/60*q**5. Determine a(o).
7
Suppose 33*i = 22*i - 57*i. Let w(c) = c**3 + c**2 - c + 40. Calculate w(i).
40
Let p be -4*(-55)/(-30)*30. Let l = p - -219. Let d(b) = 14*b + 1. Calculate d(l).
-13
Let j(n) = -n**2 - 3*n - 1. Let s be 2569/(-42) + (2/(-2))/(-6). Let a = s - -66. Suppose -5*i + 5*t = -2 - 3, 3*i - a*t = 9. Calculate j(i).
1
Let l be 36/(-30)*(-15)/6. Let a(i) = -2*i - l*i + 6*i + 3. Let x(n) = n**2 - 21*n + 84. Let c be x(6). Give a(c).
-3
Let n(m) = -2*m + 0 - 1 - 5*m - 3*m + 9*m. Let k be (7 - 2 - 0) + -3. Suppose 0 = -2*d - q, q - 4 = -k*d - q. Calculate n(d).
1
Let q be 1*0/(-3 + 8) - -2. Let m(d) = 54*d**q + 6*d - 38*d**3 + 1 - 106*d**2 - 5*d + 53*d**2. What is m(-1)?
39
Let j(u) = 2*u**3 + 2*u**2 + u + 1. Let c(p) = 5*p + 2. Let m(r) = -r + 1. Let d(h) = c(h) - 5*m(h). Let f be d(6). Let q = f - 59. Give j(q).
-9
Let d = -103 + 104. Let j(u) = -3*u - 2. Let z(v) = -1 - v - 1 + 2. Let h(p) = d*j(p) - 4*z(p). Determine h(5).
3
Suppose -i - 4*f = -18, 0 = 2*i + 5*f - 7 - 20. Let o(x) = x**2 + x + 1. Let g(h) = -h**2 - 10*h - 3. Let c(m) = g(m) + 2*o(m). What is c(i)?
-13
Let j(s) = s - 1. Let p(k) = -5*k**2 + 4*k - 3. Let v(t) = 5*j(t) - p(t). Let y = 17 + -21. Let r(u) = 6*u**2 + u - 2. Let c(w) = y*r(w) + 5*v(w). Give c(2).
4
Let l(y) = 9*y**2 - 3*y - 46. Let b(p) = -25*p**2 + 7*p + 141. Let s(f) = -4*b(f) - 11*l(f). What is s(6)?
8
Let r(a) = 25 + 7699*a - 157 - 15352*a + 7699*a. Calculate r(3).
6
Let r(d) be the second derivative of -d**3/3 + 37*d**2/2 - 3*d - 15. Calculate r(14).
9
Suppose 21 = -10*p + 3*p. Let w(u) be the second derivative of -u**5/20 - u**4/12 + u - 8. Determine w(p).
18
Let k be (-2 + 7 - 9)/(2/(-4)). Let i(r) = r**3 - 7*r**2 - 12*r + 40. Calculate i(k).
8
Suppose -6 + 26 = -5*j, b - 18 = 4*j. Let a(m) = -16*m**2 + m + 4*m**2 + b*m**2 + 1 + 7*m**2. Calculate a(-2).
-13
Let u(m) be the second derivative of -m**3 + 3*m**2/2 + 75*m + 18. Determine u(-6).
39
Let j(w) = 2*w**2 - 7*w + 4. Let o be j(4). Suppose 0 = -17*a + 15*a + o. Let u(t) = t + 1. What is u(a)?
5
Let f(o) = o**2 + o. Suppose -479*u = -475*u - z + 10, u = 3*z - 8. Calculate f(u).
2
Let c = -4182 - -4165. Let j(d) be the third derivative of 5*d**4/12 - 3*d**3/2 + d**2. Let b(m) = 29*m - 26. Let a(r) = c*j(r) + 6*b(r). Give a(4).
13
Let r(l) = -l - 1. Let s(g) = -2*g - 1. 